t c be (4/12)/((-2)/(-30)). Suppose -4*i = 2*r + 2*r - 32, -c*i = r - 36. Let a(s) = 2*s - 9. Calculate a(i).
5
Let l(x) = -2*x + 8*x + 1 - 7*x. Let h(n) = n**3 + 2*n**2 - 2*n + 1. Let u be h(1). What is l(u)?
-1
Let y(v) = -25 + 13 + 5 + 6*v + 4. Calculate y(2).
9
Suppose 0 = -d - 5*q - 17, -d = d + 5*q + 14. Suppose 2*g + 4 = 2*j, -6*j + 10 = g - 4*j. Let a(b) = 0 + 1 + b**g + b - 3*b. Give a(d).
4
Let m(n) be the first derivative of n**3/3 + 9*n**2/2 + 10*n + 15. What is m(-8)?
2
Let k(m) = -3*m - 3. Let g(z) = 2*z + 3. Let w(p) = 4*g(p) + 3*k(p). Let a(u) = u + 20. Suppose 6*o - 28 = -118. Let x be a(o). Determine w(x).
-2
Let y = -8 + 5. Suppose r + r - 6 = 0. Let j(d) = -3*d - r + 6*d - 6*d. Determine j(y).
6
Let j be (-55)/(-15)*3 - -2. Let m be ((-1)/(-3))/((-1)/(-15)). Suppose l - j = -2*y, 2*y + y - 37 = -m*l. Let q(s) = -s**3 + 5*s**2 - 5*s + 3. Determine q(y).
-1
Let j(p) = 6*p**3 - 8*p**2 - 3*p + 2. Let c(k) = 0*k**2 + 5*k**3 + 2 + k**2 - k**2 - 7*k**2 - 3*k. Let t(w) = 5*c(w) - 4*j(w). What is t(4)?
6
Let l(s) = -s**2 + 10*s + 8. Let c = -1944 - -1952. Calculate l(c).
24
Suppose 0 = -7*y - 3 - 4. Let h(d) = -d**2 + d. Let k(x) = 3*x**2 + 1. Let o(b) = y*k(b) - 4*h(b). Calculate o(6).
11
Suppose 4 = 2*t - 10. Let s(f) = 6*f**3 - 4*f**3 + 0 + 7*f - f**3 + 7 - t*f**2. Calculate s(6).
13
Let w(i) = 1. Let g(k) = -k + 1. Suppose -d + 1 = -0. Let q(r) = d*g(r) - w(r). Let h be q(1). Let o(u) = u**3 + u**2 + 2*u + 1. Give o(h).
-1
Let b(n) = -n**2 - 13*n - 9. Suppose 3*s + 27 = 3*t, -21 = s - 0*t + 3*t. Calculate b(s).
3
Let x(h) be the first derivative of -h**2/2 - 13*h - 145. Determine x(-6).
-7
Let i(u) = 42*u + 245. Let t be i(-6). Let a(z) = -z**3 - 7*z**2 + z + 10. Determine a(t).
3
Let w(q) be the first derivative of 1/2*q**2 + 4*q + 17. Determine w(0).
4
Suppose 180 = 20*w + 100. Let o(x) = x**3 - 9*x + 3. Give o(w).
31
Suppose -b = -2*b + 6. Let t(i) = 5*i + i + 7 - 9*i + i**2 - 3*i. What is t(b)?
7
Let x be (6/5)/((-2)/(-10)). Let h(v) be the third derivative of v**4/24 - 3*v**3/2 - v**2. Determine h(x).
-3
Let b(x) be the third derivative of x**7/5040 - x**6/360 - x**5/60 + 19*x**2. Let y(j) be the third derivative of b(j). What is y(4)?
2
Let j(v) = -6*v**2 + 21*v + 1. Let r(z) = z**2 - 4*z. Let t be 171*(1 - 1/3). Let b be t/10 + 22/(-55). Let c(s) = b*r(s) + 2*j(s). Give c(-3).
-1
Let m(b) be the third derivative of 1/24*b**4 + 1/3*b**3 + 0*b + 0 + 3*b**2. Calculate m(-4).
-2
Let i(z) be the third derivative of -z**5/60 + 11*z**4/24 - 5*z**3/6 + 125*z**2. What is i(9)?
13
Let x(i) be the first derivative of -1/3*i**3 + 4*i - 4 - 5/2*i**2. Give x(-5).
4
Suppose 0 = 11*l - 78 + 45. Let c(i) be the first derivative of -8 - 1/3*i**l - 3*i + 7/2*i**2. What is c(5)?
7
Let f(c) = -4*c**2 - 5*c - 2. Let g(b) be the second derivative of 7*b**4/12 + 3*b**3/2 + 2*b**2 + 26*b. Let i(o) = 5*f(o) + 3*g(o). Determine i(-4).
10
Let y(m) = 3*m + 11. Let a = 2802 - 2807. Calculate y(a).
-4
Let c(b) = -3*b - 1. Let d(g) = 19*g + 2. Let l(a) = 5*c(a) + d(a). Give l(2).
5
Let l(g) = -3*g. Let u(i) = i. Let s(t) = l(t) + 4*u(t). Suppose -h = c + 1, c - 9 = 4*h + 6*c. Determine s(h).
4
Let v(d) = d**2 - 5. Let u be v(-4). Suppose -9*z = -u*z + 16. Let c(p) = -p**3 + 9*p**2 - 8*p - 6. Give c(z).
-6
Let n(d) be the first derivative of d**4/4 + 7*d**3/3 + 7*d**2/2 + 3*d + 57. Let u = -12 - -18. Let j be u/(-18) + 17/(-3). Determine n(j).
-3
Let k(b) = 27*b**2 + 4*b + 56. Let c(y) = 9*y**2 + y + 16. Let x(s) = -7*c(s) + 2*k(s). Give x(1).
-8
Let l(h) be the third derivative of -3*h**2 - 1/12*h**4 + 0 + 0*h + 0*h**3. What is l(-2)?
4
Let n(v) = v + 1. Let m(p) = -7*p - 15. Let k(f) = -m(f) - 6*n(f). What is k(-11)?
-2
Let r(b) be the third derivative of -2*b**2 + 0 - 1/3*b**3 + 0*b + 1/24*b**4. Let x be (-7 - -6)/(5/15). What is r(x)?
-5
Suppose 10 = -d + 32. Suppose 24 = l + d. Let a(u) = -7 + 2*u - u - l + 3. Determine a(6).
0
Let u(c) = c**2 - 6*c + 10. Suppose 36*t + 2*h - 7 = 35*t, -h - 35 = -5*t. What is u(t)?
17
Let q(i) be the third derivative of -i**6/120 + i**5/10 - i**4/8 - 7*i**3/6 - 27*i**2 - 2. Determine q(5).
3
Let f(s) = -3*s - 4. Let q(j) = -j**3 - 2*j**2 - 2*j - 2. Let z be q(-2). Suppose -4*a + 3*r = 2*r - z, -6 = 2*a - 4*r. Suppose 2 = -p - a. Calculate f(p).
5
Let o(p) = p + 3. Let k(v) = 3*v - 7. Let y be k(3). Suppose 2*t + 6 = y*x, 5*x = -2*t + 4*t + 15. Determine o(t).
3
Let q(g) = -g**3 - 5*g**2 - 4*g - 3. Let d(j) = -j**2 - 8*j - 4. Let c = -12 - -5. Let l be d(c). Suppose 3 = a, m + m = -3*a + l. Give q(m).
-9
Let q = 11 + -9. Suppose 0*c + 12 = b - c, 4*b = q*c + 38. Let a(l) = 10 - 4 + 5*l - b. Give a(-1).
-6
Let h = 47 + -52. Let y(d) = d - 3. Calculate y(h).
-8
Let o(x) = -7*x + 2*x + 8 + 7*x - 3. Give o(3).
11
Let c(s) be the third derivative of -s**6/120 - s**5/15 + s**4/12 + s**3/3 - 2*s**2. Let y(a) = -6*a - 57. Let i be y(-9). What is c(i)?
-13
Let z be (-1)/((-2)/(6 - -2)). Let f(i) = i**2 - 3*i - 3. Let p be f(z). Let k(b) be the second derivative of b**4/3 - b**2/2 + 2*b. What is k(p)?
3
Let j(c) = -c**2 + 8*c + 7. Let b be (7 + -4)*5 - (-7 + 13). Determine j(b).
-2
Let x(z) = z**3 + 4*z**2 + 2*z + 2. Suppose -76 = 2*t + 2*t. Let h = -128 + 105. Let b = h - t. What is x(b)?
-6
Let l(i) = 5*i - 1. Let u be 1 + (4 - 3) - -2. Suppose 4*k - u*n = -k - 10, 0 = -3*n. Calculate l(k).
-11
Let y(t) = -1 - 16 + 6*t - 1 + 21. Determine y(-2).
-9
Let p(s) = -s**2 + 4*s - 6. Suppose 62 = v - 6*v + f, -28 = 2*v - 2*f. Let d be v/(-4)*(1 + 0). Suppose -z = 5*h - 19, -3*h + d = -6. What is p(z)?
-6
Let g(d) be the first derivative of d**4/4 - 4*d**3 + 6*d**2 - 11*d - 195. Calculate g(11).
0
Let j(l) = 17*l - 5*l + 3 - 7*l. Determine j(3).
18
Let c(w) = -12 - 2 + 8 - 1 + w**2 + 4*w. What is c(-4)?
-7
Let c(f) = -9*f + 1. Let h be 1/(99/(-102) + 1). Let w = h - 33. Calculate c(w).
-8
Let m(o) = o**2 + 29*o - 17. Let p(i) = i**2 + 23*i - 18. Let j(u) = -4*m(u) + 5*p(u). What is j(0)?
-22
Let t(v) be the first derivative of v**4/4 - 7*v**3/3 + 7*v**2/2 - 4*v + 203. Give t(6).
2
Let c(g) = -g**3 + 2*g**2 + 5*g + 1. Let a(h) = -h**3 + h**2 + 7*h. Let v(r) = -3*a(r) + 4*c(r). Give v(5).
-1
Let b(i) = 12*i. Suppose 2*x = 6*x - 8. Let s(y) = 2*y. Let r(c) = x*b(c) - 10*s(c). Give r(1).
4
Let x(u) = -7 + u - 3 + 3. Let j(v) = v**3 - 4*v**2 - 6*v + 7. Let o be j(5). Suppose -9 = -3*h + 3*y, -h + 3*y - 1 = o. Give x(h).
-1
Let z(k) = k + 2. Let f be ((-12)/8 - 0) + 25/2. Suppose f*d - 15*d + 20 = 0. Calculate z(d).
7
Let b be (-1)/(2/12*-2). Let u be (0/b)/(-1 - -2). Let t(p) = 7*p + 2*p**2 + u*p + p - p**3 - 6*p + 1. Determine t(3).
-2
Let g(p) = p**3 + 4*p**2 + p - 9. Let s be -6 - ((-32)/(-24))/((-6)/9). Determine g(s).
-13
Let p(j) = -2*j + 29. Let m(c) = -3*c + 56. Let x(b) = -4*m(b) + 7*p(b). Determine x(-19).
17
Let p(w) be the third derivative of w**4/24 - 2*w**3 + 209*w**2. Calculate p(6).
-6
Let j(z) be the second derivative of -z**3/2 - 3*z**2 - z. Let q be 853/(-9) + 0 + (-6)/27. Let c = q + 91. Calculate j(c).
6
Let y(o) = -4*o**2 - 31*o + 15. Let u be y(-8). Let f(q) = q**2 - 4*q - 17. Give f(u).
4
Let x(n) = n**3 + n**2 - 2*n - 1. Suppose -5*j + 50 = 2*k + 3*k, -3*j + 19 = 2*k. Suppose -2*l + k - 3 = 0. Suppose 11*q = 13*q + l. Give x(q).
-1
Let u(r) = r**2 + 4*r - 4. Let j(h) = -h**3 - 4*h**2 + 6*h - 1. Let v(m) = -2*m + 11. Let q be v(8). Let n be j(q). What is u(n)?
8
Let z(a) = 6*a**2 - 2 - a**3 + a - 7*a**2 + 4*a**2 + 2*a**3. Let q(r) = 4 + 2*r**3 + r**2 - r - 3*r**3 + 2 + 8*r**2. Let s be q(9). What is z(s)?
-5
Let y = 62 - 63. Let z(q) = 7*q**2 + q - 3. Let p(h) be the second derivative of 2*h**4/3 + h**3/6 - 2*h**2 + 2*h. Let b(x) = 4*p(x) - 5*z(x). Determine b(y).
-3
Suppose -3*s = w, -18 = -5*w + 2*s - 1. Let o(q) = -q**2 - 3*q + 4. Calculate o(w).
-14
Let h(c) be the second derivative of 0 - 1/8*c**4 + 1/120*c**6 + 3*c + 3*c**2 + 1/15*c**5 - c**3. Let d(w) be the first derivative of h(w). Give d(-4).
6
Let u(v) be the second derivative of -v**5/60 - 5*v**4/12 + 2*v**3/3 + 7*v**2 + 29*v. Let i(n) be the first derivative of u(n). Determine i(-10).
4
Let h(u) = 1 - 8 + u - 248*u**2 + 249*u**2 + 4 - 2*u**3. Give h(-2).
15
Let p = 43 - 41. Let m = 23 - 16. Let n(o) = 3*o + 3 - 1 - m*o. Give n(p).
-6
Let j(g) = -g